 46. What are the prime factors of k(c)?
397
Suppose -10474 = -21*a + 7964. Suppose -a = -2*j - v, -3*j = 2*j - 5*v - 2210. What are the prime factors of j?
2, 5, 11
Suppose 3*q = 2*q + 365. Let p(s) = -s + 2. Let t be p(-5). Suppose -t*d = -258 - q. List the prime factors of d.
89
Suppose 8 = 3*h - 19. Suppose 4*a - 30 = -2*w, -2*a - 4*w + 30 = -0*a. Suppose h*t = 4*t + 2*r + 298, r = a*t - 294. List the prime factors of t.
2, 29
Let z(v) = 1125*v**2 - 43*v + 1. List the prime factors of z(-4).
17, 1069
Let b(l) = -6*l + 131. Let y be b(21). Suppose -y*f + 516 = -234. What are the prime factors of f?
2, 3, 5
Let n be (-774)/(-270) - (-2)/15. Suppose 0*l + 99 = -5*t + 3*l, 4*t + 90 = -3*l. List the prime factors of ((-28)/t)/(n/81).
2, 3
Suppose -72 = -141*m + 133*m. Let h = 3565 + -2389. Suppose -h = x - m*x. What are the prime factors of x?
3, 7
Let r(b) = -b**3 - 9*b**2 - 9*b + 21. Let p = -126 - -115. Let w be r(p). Let m = -201 + w. List the prime factors of m.
7, 23
Suppose -f + 7802 = 2*j, -4*f - f - 15618 = -4*j. What are the prime factors of j?
2, 1951
Let f(j) = -4*j + 74. Let m be f(20). Let p(i) = -2*i**3 - 4*i + 3. Let z be p(2). Let b = m - z. What are the prime factors of b?
3, 5
Let c = 10444 + -3811. What are the prime factors of c?
3, 11, 67
Suppose -4*s = 5*z - 43, -4*z + 4*s + 60 - 4 = 0. Suppose -6*o = -z*o - 690. List the prime factors of 5/(5/o)*4/(-8).
3, 23
Let j = 63 + -61. Suppose -7*f + j*f = 485. What are the prime factors of f*3/(-3) - -3?
2, 5
Let i(w) = -w**2 + 4*w + 135. Let p be i(0). Suppose o + 3*c - 200 = 0, 5*o - c - p = 945. What are the prime factors of o?
5, 43
What are the prime factors of (-84)/(9 + -3)*(-5)/(-10) + 12935?
2, 101
Let t = 10367 - -4652. What are the prime factors of t?
23, 653
Suppose -4*a = -0*a - 4. Let w(n) = 300*n**3 - 7*n + 6. What are the prime factors of w(a)?
13, 23
Suppose 108*w = 13671 + 24021. List the prime factors of w.
349
Suppose -211*d + 112*d = -107*d + 61936. List the prime factors of d.
2, 7, 79
Let w = 14176 + -2758. List the prime factors of w.
2, 3, 11, 173
Suppose -2*s + 4238 = -4*m, -2*s + 2196 = m - 2072. List the prime factors of s.
2131
Let d = -282 + 346. Suppose -d*f = -61*f - 1110. List the prime factors of f.
2, 5, 37
Let r be 1/3 + (-17)/(-3). Let l(p) = -10*p**2 + 10*p**2 + 2*p**2 + 5*p + 5*p - 2. What are the prime factors of l(r)?
2, 5, 13
Let f(z) = 96 - 5*z + 4*z + 607. What are the prime factors of f(0)?
19, 37
Suppose -16*p = 7*p - 92. Suppose -4*i = -3*b + 2*b - 940, 718 = 3*i - p*b. List the prime factors of i.
2, 3, 13
Suppose -4*v + q = -2*v - 9, 0 = -4*v + q + 15. Suppose 2660 = 4*i + i + 5*n, -v*i + 1603 = -4*n. What are the prime factors of i?
13, 41
Let w = 107 - 78. Let h(c) = 7 - 54 + w - c**2 + 29*c. What are the prime factors of h(14)?
2, 3
Let f = 618 + -87. Suppose -7*t + 708 = -f. What are the prime factors of t?
3, 59
Let n(s) = -707*s - 98. What are the prime factors of n(-1)?
3, 7, 29
Let n(b) = b**3 - 9*b**2 + 19*b + 8. Let s be n(9). Let a be (19 + -18)/((-2)/62). Let g = s - a. What are the prime factors of g?
2, 3, 5, 7
Let y be 1*6/(-2) - (-114)/19. Suppose 0 = -l - 3*w + 300, -870 = -y*l + 4*w - 3*w. Let c = l + -40. List the prime factors of c.
251
Let d(q) = 2*q**2 - 2*q - 4. Let g be d(-4). Suppose -53 + g = -a. Suppose 4*n + 4 = -4*s, -2*n - 5*s = -0*n + a. List the prime factors of n.
2
Suppose -530 = -5*i + 5*y + 17840, 7346 = 2*i - y. Suppose -577 + 3007 = 2*n - 4*s, -3*n - 3*s = -i. List the prime factors of n.
3, 11, 37
Suppose 2*z + 6 = 0, -z = 12*o - 7*o + 3008. Let f = 1085 + o. List the prime factors of f.
2, 11
Let b(v) = -2*v + 26. Let g be b(-8). Let y = 83 - g. Let o = y + 136. What are the prime factors of o?
3, 59
List the prime factors of (140985/(-27))/13*18/(-2).
3, 5, 241
Let d be (-2382)/(-15) - 2/(-10). Suppose -39 = -h + d. What are the prime factors of h?
2, 3, 11
Suppose -2*j = j. Let m(g) = g + 144. Let y be m(j). Suppose -4*b = -7*b + y. List the prime factors of b.
2, 3
Let o(w) = 190*w**2 - 26*w + 615. List the prime factors of o(14).
3, 12497
Let o be (7385/(-15))/(5/(-15)). Suppose 5*n + o = 7652. List the prime factors of n.
5, 13, 19
Suppose 8 = -4*l + 2*q, 0 = -5*l - 2*q - 0*q + 8. Let j(x) = 11 - x**2 + l - x**2 + 13*x + x**2. What are the prime factors of j(9)?
47
Let s = -772 + 418. Let x = s - -630. List the prime factors of x.
2, 3, 23
List the prime factors of (1404/(-182))/((-446)/(-448) - 1).
2, 3
Suppose 2*j - 7678 = -t, -23026 = -22*t + 19*t + 2*j. Suppose -t = -12*u + 5176. What are the prime factors of u?
3, 7, 17
Let w(s) be the third derivative of 0 + 3/8*s**4 + 7/2*s**3 + 0*s - 2*s**2 - 1/60*s**5. What are the prime factors of w(9)?
3, 7
Suppose -6*v + 28771 = 6451. Suppose 0 = 18*x - 10*x - v. What are the prime factors of x?
3, 5, 31
Suppose 134*o + 258039 = 1044619. What are the prime factors of o?
2, 5, 587
Let b(o) = -3*o**2 + 3*o**3 - 2*o**3 - 19*o**2 - 16 + 7*o. Let s(j) = -16*j + 294. Let k be s(17). What are the prime factors of b(k)?
2, 3, 23
Suppose 12*y - 6 = -c + 7*y, 5*y = -3*c + 18. Suppose -q - 9 = 3. What are the prime factors of (4/2 + c/q)*30?
3, 5
Suppose -44*u + 31210 = -182586. What are the prime factors of u?
43, 113
Let y be -3*(0 - 101/2)*4. Let p = 1229 - y. Suppose 2*a = 2*t - 250, -4*t - 4*a - p = -9*t. List the prime factors of t.
3, 41
List the prime factors of ((-74)/5)/((1581/(-31930))/51).
2, 37, 103
Suppose u = 7 - 5. Suppose -x = -2*y - 115, u*y + 319 - 87 = 2*x. Let a = -65 + x. What are the prime factors of a?
2, 13
Let x(t) = 9632*t - 751. List the prime factors of x(3).
5, 13, 433
What are the prime factors of (-9 + -3695)*(-8 + 14 - 8)?
2, 463
Let c = 77 + 8. Let i = 88 + c. Let b = 262 - i. What are the prime factors of b?
89
Let o(l) be the third derivative of 13*l**5/120 - 2*l**4/3 + l**3/2 - 12*l**2. Let p(r) be the first derivative of o(r). List the prime factors of p(8).
2, 11
Let l(p) = 6*p**2 - 5*p + 27. Suppose 238 = 12*w - 29*w. What are the prime factors of l(w)?
19, 67
Let t(n) = 6*n + 16. Let f be (-2)/(-1 - 20/(-12))*1. Let h be t(f). What are the prime factors of (5/h + 1)*(-854)/21?
61
Let l be 10/(-35) + 124/(-7). What are the prime factors of l/(-24) - (-721)/4?
181
What are the prime factors of (25296996/2864)/((-2)/(-8))?
3, 11777
Let d be (-8 - -437)*(7 - 6). Let m be 2/(-9) + 5234/(-18). Let u = m + d. What are the prime factors of u?
2, 3, 23
Let k = -64175 - -90285. List the prime factors of k.
2, 5, 7, 373
Let t be 30/((-35)/7) + 1226. Suppose 2*z = 4*c + t, -4*z - c = -3064 + 615. What are the prime factors of z?
2, 3, 17
Let b(f) = f**2 - 3*f - 10. Let p be b(6). Let g = p + -6. Suppose u = 4*z + 7, -g*u + z + 130 = 3*u. List the prime factors of u.
3
Suppose -4*b + 2117 = -3*v, -3*v + 2*b - 2836 = v. Let r = v + 451. Let l = -185 - r. What are the prime factors of l?
3, 5
Suppose 0 = 4*m + 158 - 166. Suppose -495 = -4*l + y, -m*l - 4*y - 355 = -5*l. List the prime factors of l.
5
Suppose -5*b = -3*w - 2381, 0 = 2*b - 4*w - 883 - 75. Suppose 2*p - 3*p = -4*y - 455, -p - y = -b. List the prime factors of p.
3, 157
Let r(k) = 70*k**2 - 7*k - 3. Let f be 12/4 + 1*1*-6. What are the prime factors of r(f)?
2, 3
What are the prime factors of 4/9 + 8363360/360?
2, 3, 11
Let x(u) = -u**2 + 7*u + 10. Let w be x(-7). Let o = w + -20. Let a = o - -184. List the prime factors of a.
2, 19
Suppose 3*w + 16 = 10, 0 = 5*k + 5*w. Suppose 3*z - k*z - 269 = 0. List the prime factors of z.
269
Let k(s) = 97*s**2 - 57 - 5*s**3 - 75*s**2 + 42*s + 6*s**3. List the prime factors of k(-18).
3, 7, 23
Let p(q) be the third derivative of 0 - 1/30*q**6 + 5/24*q**4 + 1/6*q**3 - q**2 - 11/60*q**5 + 0*q. List the prime factors of p(-4).
61
Let g = 10504 - 7148. What are the prime factors of g?
2, 839
Suppose 91*g - 35*g = 132284 + 469828. List the prime factors of g.
2, 3, 7
Let j be (2 - -3 - (5 - 12 - -8))*-1. Let r = -76 - -146. List the prime factors of (-6032)/(-56) + (-5)/(r/j).
2, 3
Suppose 558 = 8*s - 82. Let d be (-2)/7 + 426/21. Suppose -2*b + 3*h = 2*b - s, -b + 4*h = -d. What are the prime factors of b?
2, 5
Let j be (55/22)/((-3)/6). List the prime factors of (-37620)/72*4/j.
2, 11, 19
Let i be -5*((-102)/5 + -2). Suppos